se 42*w + 70*w - 907189 - 374651 = 0. What are the prime factors of w?
3, 5, 7, 109
Let c = 2715 + -423. Let o be (-2)/(-3*8/c). What are the prime factors of (o*2)/(38/19) - 3?
2, 47
Let p be 2 + 32/(-18) + (-286750)/(-279). Let x = p + -292. What are the prime factors of x?
2, 23
Let j(z) = -2*z**2 + 19*z - 18. Let d be j(8). Let r be (-4)/((-8)/d) + 462. Let k = r + -203. List the prime factors of k.
2, 131
Let o(l) = 360*l**2 - 4*l - 2. Let c be o(-1). Let x = 14 + c. List the prime factors of x.
2, 47
Let f = -113 - -197. Let s be f/21 + -1*2. Suppose s*g + t - 168 = -t, -g + 4*t = -84. List the prime factors of g.
2, 3, 7
Suppose -15*w = -14*w - 21. Suppose -2*x = 5*x - w. Suppose 3*z + 5*m = 39, x*m - 6 = -3*z + 39. What are the prime factors of z?
2, 3
List the prime factors of -6 + 13 + -6 - -3 - -67283.
3, 11, 2039
Suppose 3*p = -a - 0*a + 20836, 5*p - 5*a = 34700. What are the prime factors of p?
2, 7, 31
Suppose -6*x = -11*x + 705. Suppose 0 = h + 21 - 19, -b + 4*h = -x. What are the prime factors of b?
7, 19
Let a = -52 + 145. Suppose -97*i = -a*i - 656. List the prime factors of i.
2, 41
Let l(a) = -23*a - 2. Let m(b) = -2*b**2 - b - 3. Let d(p) = -l(p) - 4*m(p). What are the prime factors of d(-12)?
2, 421
Let k = -19 - -21. Let l be ((-50)/5)/((-2)/4)*k. Let r = l + 47. List the prime factors of r.
3, 29
Let g be (28/21*-9)/(-4). Suppose g*s - 2 = 7, -s + 3261 = 3*i. What are the prime factors of i?
2, 3, 181
Let b be -1 + -2833 + (13 - (10 + 6)). Let m = -1805 - b. List the prime factors of m.
2, 3, 43
Suppose 13*n + 167612 = 5*i + 16*n, -5*n - 167540 = -5*i. List the prime factors of i.
11, 277
Suppose -2765 - 763 = 28*p. Let i = p - -193. List the prime factors of i.
67
Let h = 184 - 182. Suppose 4*d - i - 1227 = 0, 0 = -0*d - h*d + 4*i + 610. List the prime factors of d.
307
Let q(c) = c**2 - 3*c - 2. Let r be q(5). Suppose -1892 = -30*v + r*v. List the prime factors of v.
2, 43
Suppose -187*z + 186*z = -192. Let f = z - 186. List the prime factors of f.
2, 3
Suppose 2727 = 4*r + 5*a - 19323, -4*a = 4*r - 22048. What are the prime factors of r?
2, 5, 19, 29
Suppose -4*o = 3*i - 1166, 3*o = 4*i + 544 - 2082. Let j = 1646 + i. Suppose 3*b = 19*b - j. List the prime factors of b.
127
Let w(o) = o**2 - 2*o - 17. Let y be w(7). Let g(q) = 19*q - 8. Let r be g(y). Suppose c = -5*k - r + 1360, k - 5*c = 226. List the prime factors of k.
2, 103
Let k = -451 - -736. Suppose 5*h = 8*h - k. Suppose 0 = 2*n + 8, -h = -5*l - 5*n + 220. List the prime factors of l.
67
Let k(l) = 19*l**2 + l. Let i be k(1). Let r(h) = h - 2*h + i - h. What are the prime factors of r(6)?
2
Let p(o) = 440*o**3 + 3*o**2 + 36*o - 103. List the prime factors of p(3).
2, 1489
Suppose -5*l + 23 = 2*t - 3*t, t = -5*l - 3. Let h = -11 - t. Suppose -h*n = -146 - 92. List the prime factors of n.
7, 17
Suppose 0 = -38*f - 238 - 66. List the prime factors of 452*((f - -4) + (2 - -3)).
2, 113
What are the prime factors of 4/(-8)*2 - (-24332)/(4 + 0)?
2, 3041
Let k(a) = a**3 - 23*a**2 - 59*a + 11. Let b be k(29). Suppose -16 = 3*j - b. List the prime factors of j.
2, 3, 5, 37
Suppose -3*k + 9*j + 43 = 11*j, 3*k - 5*j = 29. Let t(o) be the first derivative of o**4/4 - 13*o**3/3 + 3*o**2 - 13*o - 1. What are the prime factors of t(k)?
5, 13
Let x = 4 - -70. Suppose 92*d - 1090 = -122*d + 8754. Let r = x - d. What are the prime factors of r?
2, 7
Let z(k) = 3*k**3 - 14*k**2 - 7*k - 20. Let o(u) = -2*u - 27. Let r be o(-17). List the prime factors of z(r).
2, 137
Let s = 20 + -18. Let j(h) = 17 + 0 + 3*h**s + 0*h**2 - h**2. What are the prime factors of j(-6)?
89
Suppose 0 = 5*p - 4*q - 262798, -p = -3*p - 3*q + 105156. List the prime factors of p.
2, 3, 8761
Let o(n) = -3714*n - 321. What are the prime factors of o(-2)?
3, 23, 103
Let k be 5*(96/(-10))/(-6). Let y(w) = -w**2 + 9*w - 4. Let u be y(k). Suppose -4*j = -5*p - 188, -j = -u*j + 2*p + 148. What are the prime factors of j?
2, 13
Suppose j - 6*j + 100 = 0. Suppose -2*z = -g + 5 - 17, 2*z - 3*g - j = 0. Let l(q) = 7*q**2 + 11*q - 4. What are the prime factors of l(z)?
2, 19
Let m(t) = 6420*t + 62. What are the prime factors of m(1)?
2, 7, 463
Suppose -90*f + 113*f - 557166 + 129389 = 0. What are the prime factors of f?
7, 2657
Let x = -22923 + 38329. What are the prime factors of x?
2, 7703
Let o(b) = 28*b + 43*b + 2*b - 30 + 27*b. What are the prime factors of o(7)?
2, 5, 67
Let j(y) be the third derivative of y**6/60 - y**5/30 + y**4/24 - 2*y**2. Let l be j(1). What are the prime factors of 82 + (4 - 0/l)?
2, 43
Let q(b) = 2*b**2 - 25*b + 46. Let x be q(11). Suppose x*s + 213 = 14*s. List the prime factors of s.
3, 71
Let u be (-35)/(-11) + 22/(-121). Suppose 4*b + 6 = -0*b + f, 5 = -u*b + f. What are the prime factors of (182/(-5)*b)/(1/5)?
2, 7, 13
Suppose 4*p - 155 = -p. Let b = -38 + p. List the prime factors of (-260)/28*-11 + 1/b.
2, 3, 17
Suppose 6*k + 6 = 9*k. Let a(h) = -h**2 - 3*h - 18. Let m be a(-13). List the prime factors of 5*m/(-4) - k.
3, 61
Let p(y) = 300*y**2 - 13*y - 37. What are the prime factors of p(3)?
2, 41
Let a be -3 - (-2183 - 1)/8. Suppose 1080 = -266*p + a*p. What are the prime factors of p?
2, 3, 5
Let c(o) = -4966*o + 4777. List the prime factors of c(-14).
3, 24767
Let v(x) = 3*x**2 - 46*x + 22. Let j be v(20). What are the prime factors of (5/20 - (-4)/(-16)) + j?
2, 151
Let s be 3/18 - ((-188)/24 - 1). Suppose 2*w + 3*l = 1330, w - 7*l - 666 = -s*l. What are the prime factors of w?
2, 331
Suppose -974 = 20*x - 5794. What are the prime factors of x?
241
Let k be (3*(-6)/(-27))/(18/135). Suppose k*z + 15 = 5*r, -4*z - 6 = -5*r + 3*r. Suppose 0 = -3*b + 9, -r*m + 342 = -m - 4*b. List the prime factors of m.
3, 59
Let b(p) = 1116*p - 9636. List the prime factors of b(25).
2, 3, 761
Suppose 7 = -m + 15 + 23. List the prime factors of m.
31
Suppose -2*y - 295 = -3*y - 2*f, -4*y - 3*f = -1205. Let c = y + -31. List the prime factors of c.
2, 137
Let r(q) = q**2 - 22*q + 65. Let p be r(19). Suppose 3*n - 39 = -w, 3*w - p*w - 4*n = -184. List the prime factors of w.
2, 3
Let y(h) = 33*h - 32. Let a be y(3). Let s = a + 184. Suppose 10*q - s = 449. List the prime factors of q.
2, 5, 7
Suppose -3*p + 7 = -5*o - 8, -5*o = 0. Suppose -l - l + 294 = p*j, 3*j = 2*l - 326. What are the prime factors of l?
157
Let t be (30/(-10))/((-3)/(-10)). List the prime factors of -4 + (-4)/t*3785.
2, 5, 151
Suppose -56*k - 951 = -r - 58*k, 0 = -2*r + k + 1907. What are the prime factors of r?
953
Suppose -1 + 1 = -3*a. Suppose -12 = -a*j + 3*j + 4*t, -j - 9 = 3*t. Suppose j = -0*g - 3*g + 81. What are the prime factors of g?
3
Let l = -30 - -63. Suppose 1002 = -27*h + l*h. What are the prime factors of h?
167
Suppose -28430 = 5*f + 5*l, 2*f - 3*l - l = -11396. What are the prime factors of (f/(-35) - 10)/((-1)/(-7))?
2, 3, 89
Let h = 183 + 195. Suppose -6*i + h = -5*i. What are the prime factors of i?
2, 3, 7
Let o(u) = -15 - 2*u + 2 - 543*u**2 + u**3 + 560*u**2. What are the prime factors of o(-10)?
7, 101
Suppose -3*i = 4*x + 110 + 173, -3*x - i = 211. List the prime factors of (-23933)/x - (-7)/70.
2, 3, 19
Let t(n) = -112*n - 56. Let j be (0 - 12) + 3 + 4. List the prime factors of t(j).
2, 3, 7
Let y = -1407 + 1412. Let p be (2 - 3/3) + 8. Suppose -t - y*x + p = -0*t, x = -1. What are the prime factors of t?
2, 7
Let b(k) = -16*k + 36. Let q be b(-18). Suppose 0*s = 6*s - q. Let h = s + -36. What are the prime factors of h?
2, 3
Suppose 0 = m - 0*m - 8. Let a be (-10)/(m/(12/3)). Let i(f) = -14*f - 25. List the prime factors of i(a).
3, 5
Suppose 146*s - 511947 = 79*s. What are the prime factors of s?
3, 283
Let w = -6 - -2. Let n be (-10)/4*(144/(-15))/(-8). What are the prime factors of n - (267/(-5) - w/10)?
2, 5
Let f be (28/(-10))/(114/(-49305)). Suppose -7*j + f - 238 = 0. What are the prime factors of j?
139
Let l(f) = -f**2 - 24*f + 5. Let k be l(0). Suppose 5*v = 4*s - 2586, 2*s - k*s - 4*v = -1924. List the prime factors of s.
2, 7, 23
Let z = 25 - 24. Suppose -z - 3 = -t. Suppose 0 = -t*w - 0*w + 36. List the prime factors of w.
3
Suppose 33*j - 36521 = -2*a + 36*j, 6 = -2*j. List the prime factors of a.
2, 7, 163
Let q(a) = 4*a**2 + 17*a - 58. Suppose 2*l + 4*x - 8 = 0, -5*x + 6 = 7*l 